f) be the first derivative of -3*f**2/2 - 4*f + 1939. Determine m(7).
-25
Let d(t) be the second derivative of t**5/20 - 7*t**4/12 + 7*t**3/3 - 6*t**2 - 202*t. Give d(5).
8
Let i(h) = 7*h**3 - 43*h**2 + 12*h + 16. Let w(m) = 13*m**3 - 80*m**2 + 23*m + 31. Let p(f) = -11*i(f) + 6*w(f). Give p(4).
-14
Let h(x) = -4*x + 19. Let b(a) = -21*a + 102. Let g(p) = p**3 - 9*p**2 + 19*p - 4. Let u be g(6). Let f(s) = u*b(s) - 11*h(s). What is f(5)?
5
Let m(o) be the second derivative of 2/3*o**3 + 0 + 2*o - 3/2*o**2. Let n(f) = f**3 - 7*f**2 + 3*f + 15. Let k be n(6). Determine m(k).
-15
Let a(s) be the second derivative of s**5/20 + s**4/3 - 2*s**3 - 21*s**2 - 847*s. Give a(-5).
-7
Let c(r) be the third derivative of -r**5/60 + 5*r**3/6 - 25*r**2 - 12*r + 1. What is c(8)?
-59
Let q(v) = v**3 - 11*v**2 + 19*v + 4. Let k(j) = -2*j**2 - 50*j - 263. Let g be k(-17). Give q(g).
13
Let f(n) = 4*n**2 - 13*n - 7. Let j be f(7). Let r = j - 36. Let g(u) = 6 - 29*u**2 + r*u**2 - 32*u**2 - 8*u. What is g(7)?
-1
Suppose -2*p = -38*m + 35*m + 45, 5*p - 30 = 0. Let b(d) = 2*d**2 - 37*d - 28. Determine b(m).
-9
Let g be 11*3/(-9)*6/(-1). Let j(q) = -29*q - 4*q**3 + 5*q**2 + 4 - 1 + 3*q**3 + g*q. Give j(5).
-32
Let g(a) = 2*a - 13. Let y(l) = 4*l**2 - 12*l + 38. Let r(s) = 5*g(s) + y(s). What is r(5)?
63
Let b(r) = r**2 + 8*r - 30. Let z be b(-11). Suppose -s = -4*s, z*s - 24 = 4*c. Let q(x) = x**2 + 4*x + 7. Determine q(c).
19
Let s(c) be the second derivative of -c**4/12 + 4*c**3 + 647*c. What is s(23)?
23
Let g(y) be the third derivative of -5*y**4/12 + 7*y**3/2 + 26*y**2 + 3. Let h be g(3). Let q(b) = -b**2 - 8*b - 6. Calculate q(h).
-15
Let i = 60 - 51. Let x(b) = 2*b + 0*b + 11 - 4*b - 12 + i. Give x(7).
-6
Suppose -4*b = -21*p + 16*p + 17, b + 3 = p. Let x(t) = -35*t + 71. What is x(b)?
1
Let u(b) = 17*b - 161. Suppose 478*x + 144 = 494*x. What is u(x)?
-8
Let c(v) = -3*v**3 + v - 1. Suppose -1 = -2*z - 1. Suppose z*t - 18 = -9*t. Let d be 5/t*((-116)/(-20) - 5). Calculate c(d).
-23
Suppose -9*w = -460 + 10. Suppose -10*i - w = -0. Let j(z) = z + 3. Determine j(i).
-2
Let f(l) = -l**2 - l + 9. Suppose 0 = 17*q + 43 + 25. Calculate f(q).
-3
Let a(u) = 878*u**2 - 53 - 33*u - 1772*u**2 + 896*u**2. Give a(18).
1
Let w(f) = 144*f - 316. Let b(c) = 87*c - 158. Let k(z) = -7*b(z) + 4*w(z). What is k(-5)?
7
Let p(s) = -89*s + 124. Let z(a) = 149*a - 185. Let f(k) = 8*p(k) + 5*z(k). What is f(-2)?
1
Let v(h) = 4*h**3 + 17*h**2 - 2*h + 39. Let k(s) = -3*s**3 - 17*s**2 + s - 34. Let d(y) = 5*k(y) + 4*v(y). Determine d(17).
-65
Let a be 33*(-1 - 12/(-9)). Let g(u) = 341*u**3 + 514 + 10*u**2 - 3*u + 14*u - 522 - 342*u**3. Give g(a).
-8
Let k(s) = s**3 - s**2 - s - 23. Let h be 21 - 21 - ((-28)/(-70) - (-2)/(-5)). Determine k(h).
-23
Let i(y) = y**2 - 8*y + 7. Let q be (6/60*16)/((-1)/5). Let w be q/3*(2 + (-14)/4). Suppose 3*s = 6, -4*s = w*u + u - 43. Give i(u).
0
Let d = 89 - -124. Let r = d + -219. Let v(o) = -o**2 - 6*o - 13. Let h(t) = -t**2 - 6*t - 14. Let f(x) = -5*h(x) + 6*v(x). Determine f(r).
-8
Let z(a) = 142 - 65 + a - 68. Determine z(-10).
-1
Let g be 96/39 + 10/(-195)*9. Let m(s) be the second derivative of 4*s - 1/12*s**4 - 3*s**g + 3/2*s**3 + 0. Determine m(6).
12
Let g(o) be the first derivative of 133 - 1/4*o**4 + 7/2*o**2 + 0*o - 5/3*o**3. Calculate g(-6).
-6
Let q(c) = -c**3 - 2*c**2 + 2*c - 4. Let v(y) = y**3 - 6*y**2 - 3*y - 31. Let h be v(7). Calculate q(h).
-1
Let n = -4944 - -4947. Let i(j) = -5*j**2 - 5*j + 5. What is i(n)?
-55
Suppose -5*c - 12 = -c. Let j(z) = z**3 + 3*z**2 + 3*z + 3. Let v be j(c). Let d(l) = -98 + 302 - 4*l - l**2 - 111 - 102. Determine d(v).
-21
Let n(v) = v**3 + v**2 + 2*v. Let a(p) = -5*p**3 - 9*p**2 + 12*p - 26. Let s(r) = -a(r) - 4*n(r). Let l be s(-8). Let y(o) = o**2 + 8*o + 19. What is y(l)?
7
Let n be 6/15 - 188/20. Let y(p) = 1. Let q(f) = -f - 14. Let x(z) = -q(z) - y(z). Let i(w) = -3*w - 38. Let g(k) = 6*i(k) + 17*x(k). What is g(n)?
2
Let d(z) = -58*z + 35. Let g(j) = -3*j - 1. Let b(w) = -d(w) + 14*g(w). Calculate b(2).
-17
Let y(x) = -x**2 - 13*x - 2. Let g be y(0). Let z be 5*(-32)/40 - 6*g. Let k(f) = -f + 4. Give k(z).
-4
Let l be (2 - 0)/(-3*7/42). Let c(w) be the first derivative of -w**4/4 - 2*w**3/3 + 3*w**2/2 - 4*w - 72. Determine c(l).
16
Let l be (-5504)/(-144) + (-2)/9. Let z = -35 + l. Let t(g) = -22*g + z*g**2 - 2*g**2 + 22*g. Determine t(-2).
4
Let y = -32 + 32. Suppose n = 3, 5*n - 151 = -5*g + 8*n. Let q(j) = -2*j**2 - 27*j + g*j - 2 + y*j**2. Give q(3).
-5
Let y = 1049 + -1054. Let d(h) = -1 + 0 + 7*h - 6 + 5. Give d(y).
-37
Let o(a) be the third derivative of a**6/40 - a**4/24 + a**3/6 - 6*a**2 - 3. Let c(f) = -f - 9. Let z be c(-13). Suppose 2 - z = -2*v. Give o(v).
3
Let r be ((-2)/3)/(160/(-48))*(-10 - -25). Let d(p) = 4 - 3*p**2 + 3*p**2 + 2*p - p**2. Give d(r).
1
Let x be (-4 - (-105)/20)/((-1)/4). Let u(p) = -p + 13. Let l(d) = 2*d - 30. Let j(h) = x*u(h) - 2*l(h). What is j(4)?
-1
Let p(q) = 3*q + 47. Suppose 5*b = c - 58, 86 = 3*c - 408*b + 404*b. Determine p(c).
101
Suppose 2*z = y - 0 - 12, 0 = z + 3*y + 13. Let l(c) = 24*c - 12*c + 7 + 3 - 10*c. Determine l(z).
-4
Let y(d) = 6*d**3 - 2*d**2 - 20*d + 34. Let l be y(2). Let g(a) = -a**2 + 32*a + 67. Give g(l).
-1
Let l(d) = 23*d - 30. Let w(c) = 7*c - 10. Let a = -126 + 133. Let j(m) = a*w(m) - 2*l(m). Give j(8).
14
Suppose 1 = 19*d - 18*d. Let x(a) = 97*a + a**2 - d - 45*a - 48*a. What is x(-3)?
-4
Let u(w) = 8*w**2 + 63*w + 46. Let i(t) = -7*t**2 - 56*t - 47. Let m(y) = 7*i(y) + 6*u(y). Determine m(-9).
-8
Suppose -7*o + 1 = -4*o + 5*y, -2*y = 2. Suppose 4*p = o*x + 28, 0*p + 3*p = 15. Let n(z) = 3*z + 13. Let m be n(x). Let s(k) = 2*k**2 + k. What is s(m)?
3
Let y(i) = -i**3 - 10*i**2 + 5*i + 20. Let v = 6117 + -6128. Calculate y(v).
86
Let v(l) = 7173 - 6*l**3 + 2*l**2 - 6*l**3 - 2*l - 7172. Calculate v(1).
-11
Let n be ((48/(-2))/(-2) - 3) + -16. Let b(c) = -c**2 + 7*c - 11. What is b(n)?
-109
Let f be (1 - (-2 - -2))*-6. Let m(o) = 20 - 23 - o**3 - 6*o**2 + 13*o - 7*o - 7*o. What is m(f)?
3
Suppose -31 + 7 = 4*f. Let q(h) = -h + h + 298*h**2 - h**3 - 6*h + 2 - 305*h**2. Determine q(f).
2
Let q(z) be the third derivative of 0*z**4 + 0 + 0*z + 14*z**2 - 1/60*z**5 + 2/3*z**3 - 1/120*z**6. Let b be (2/(-1))/4*0. Give q(b).
4
Let h = -212 + 276. Let y = -58 + h. Let w(q) = q**3 - 7*q**2 + 6*q - 6. Give w(y).
-6
Suppose -31*u - 2563 = -610. Let k(o) = 7*o + 442. Give k(u).
1
Let w(c) be the second derivative of c**3/6 + c**2/2 + 3*c. Suppose -34*z + 30*z = 3*b + 9, 4*z + 14 = 2*b. Give w(z).
-2
Let i(s) = -7*s**2 - s + 2. Let w be i(2). Let g be (-3)/(-12) + w/(-16). Let y(z) = 4*z**g - 1 + 0*z**3 - z**3 + z - 4. Determine y(4).
-1
Let m(c) = 2*c**2 - c. Let n = -20 - -129. Let k = n + -91. Let u be ((-5 - -3) + 40/k)*9. Give m(u).
6
Let z(a) = -15*a**2 - 10*a + 11. Let i(y) = 90*y**2 + 61*y - 65. Let m(u) = 2*i(u) + 13*z(u). What is m(2)?
-63
Let v = 2300 - 2292. Let z(u) = -u**2 + 3*u - 9. Give z(v).
-49
Let h(o) = o**3 + 28*o**2 - 60*o - 4. Suppose 2*m + 39 = -3*w, 41*m - 5*w = 37*m - 155. Give h(m).
-4
Let a(r) = 829 - 1667 + 823 - 2*r + 0*r. Let i(s) = -s**2 + s + 1. Let v be i(3). What is a(v)?
-5
Let x(h) be the first derivative of h**4/4 + 4*h**3/3 + 2*h - 10. Let j be (4/14)/((-2)/(-42)). Suppose -j*y - 20 = -2*y. Give x(y).
-23
Let g(z) be the third derivative of -z**5/60 - 5*z**4/6 - z**3 + 768*z**2. What is g(-19)?
13
Let s(n) = n**2 + 7*n. Let o(h) = -2*h**2 - 21*h - 45. Let t(z) = -o(z) - 3*s(z). Calculate t(7).
-4
Let c(h) be the second derivative of -h**5/20 - h**4/12 + 31*h**3/6 - 5*h**2 + 1381*h. Calculate c(5).
-5
Let h = -916 - -910. Let x(p) = -p - 7. Let r(s) = 4*s + 21. Let t(q) = -2*r(q) - 7*x(q). Calculate t(h).
13
Suppose 66 = 12*x + 18. Let g(u) be the first derivative of -1/2*u**2 + 10 - x*u + 1/3*u**3. Determine g(3).
2
Let f(s) = s**2 + 8*s - 8. Let q(j) = 3*j + 123. Let i be q(-41). Let w = -2 - -20. Suppose i = 7*v - 5*v + w. Give f(v).
1
Suppose 3 = -3*g, 2*n + 7*g - 23 = 2*g. Let v(x) = -7*x + 63. What is v(n)?
-35
Let c(x) be the third derivative of -1/2*x**3 + 56*x**2 - 1/60*x**5 + 0 - 1/24*x**4 + 0*x. Determine c(-2).
-5
Let r(x) = x**2 + 3*x + 43. Suppose 0 = a + 4*k - 12, -2*a = -k - 782 + 785